**2 - 50*c + 7. Give w(50).
7
Let v(d) = d**2 - 11*d + 15. Determine v(10).
5
Let d(s) = -s**3 + 141*s + 29. Give d(12).
-7
Let h(s) = 18*s + 18. Determine h(-3).
-36
Let v(a) = 2*a**2 + 18*a + 12. Give v(-8).
-4
Let v(i) = -i**2 - 41*i + 81. Determine v(2).
-5
Let n(g) = 9*g**2 - 10*g + 2. Calculate n(1).
1
Let r(c) = 12*c - 96. What is r(9)?
12
Let y(u) = 3*u + 46. Give y(-19).
-11
Let t(x) = 2*x + 49. Calculate t(-26).
-3
Let c(i) = i**2 - 23*i - 19. Give c(23).
-19
Let p(b) = -b**3 - 8*b**2 + 8*b + 9. Give p(-9).
18
Let w(p) = p**3 - 12*p**2 - 8*p + 3. What is w(13)?
68
Let x(a) = -a**3 + 6*a**2 - 4*a - 3. Determine x(5).
2
Let z(m) = -2*m - 13. What is z(-8)?
3
Let b(j) = -6*j - 32. Determine b(-6).
4
Let i(f) = f**3 - 5*f**2 + 3*f + 9. Determine i(3).
0
Let a(s) = -s**3 - 15*s**2 + 31*s - 43. Determine a(-17).
8
Let q(t) = 14*t - 74. Calculate q(4).
-18
Let v(r) = -r**3 + 17*r**2 + r - 16. What is v(17)?
1
Let b(s) = s**2 - 23*s - 61. Determine b(26).
17
Let s(a) = -6*a**2 + a + 2. Determine s(-2).
-24
Let z(u) = -u**3 - 17*u**2 - 31*u - 28. What is z(-15)?
-13
Let k(y) = -26*y + 66. Give k(3).
-12
Let j(v) = v**3 - 4*v**2 - 11*v + 5. Calculate j(6).
11
Let x(g) = -g**3 + g**2 + 2*g. Calculate x(2).
0
Let l(h) = -h**3 - 12*h**2 + 12*h + 6. Determine l(-13).
19
Let l(n) = 2*n**3 - 6*n**2 + 6. Calculate l(3).
6
Let x(h) = -h**2 - 2*h + 1. Calculate x(3).
-14
Let x(r) = -r**3 + 3*r**2 + 32*r - 2. Calculate x(7).
26
Let h(i) = i**3 + 6*i**2 - 7*i + 18. Calculate h(-7).
18
Let v(b) = -b**2 - 6*b - 1. Calculate v(-4).
7
Let g(o) = -5*o + 5. Give g(6).
-25
Let r(s) = -s**3 + 9*s**2 - s - 10. Determine r(9).
-19
Let n(o) = o**3 + 2*o**2 - o + 15. Calculate n(-4).
-13
Let f(r) = -14*r + 76. Determine f(5).
6
Let t(r) = 2*r**2 - r. Give t(3).
15
Let w(y) = 8*y + 75. Give w(-10).
-5
Let v(a) = -a**3 - 5*a**2 + 3*a - 4. Calculate v(-6).
14
Let n(h) = -h**2 - 45. Determine n(0).
-45
Let b(s) = s**2 - 20*s - 17. Determine b(21).
4
Let m(n) = -8*n - 3. Give m(-3).
21
Let k(v) = -v**3 + 8*v**2 - 12*v + 34. What is k(7)?
-1
Let a(k) = k - 13. Give a(7).
-6
Let t(l) = -l**3 - l**2 + 29*l + 3. Determine t(-6).
9
Let c(a) = a**2 + 3*a - 14. What is c(-6)?
4
Let c(n) = 3*n**3 + 6*n**2 - 7*n - 8. Calculate c(-4).
-76
Let k(w) = 3*w + 67. Give k(-14).
25
Let o(f) = -f**3 - 8*f**2 - 7*f - 6. Calculate o(-7).
-6
Let d(j) = 6*j - 2. Determine d(5).
28
Let x(u) = 2*u**3 - 7*u**2 - 15. Calculate x(4).
1
Let p(a) = 7*a**3 + 3*a**2 - 32*a - 33. What is p(-1)?
-5
Let b(t) = -8*t - 2. Give b(2).
-18
Let g(n) = 5*n**2 + 3*n + 3. Calculate g(-3).
39
Let g(j) = -3*j - 19. Determine g(-9).
8
Let o(n) = n**3 - 33*n**2 + 13. What is o(33)?
13
Let w(f) = -f - 10. Calculate w(7).
-17
Let h(v) = -v**2 + 12*v + 366. Determine h(26).
2
Let h(f) = -f**2 - 5*f - 11. Give h(-6).
-17
Let d(a) = -2*a**2 + 4*a. Determine d(5).
-30
Let n(k) = k**2 + k - 3. Determine n(2).
3
Let g(o) = 2*o**2 - 10*o + 13. What is g(6)?
25
Let q(k) = 7*k + 3. Determine q(-1).
-4
Let f(t) = -22*t**2 - 2*t + 5. Calculate f(1).
-19
Let x(p) = -7*p**2 - 4. What is x(3)?
-67
Let w(t) = 2*t**3 - t**2 - 2*t - 1. Determine w(0).
-1
Let p(x) = -17*x**2 - 3*x - 1. What is p(-1)?
-15
Let x(z) = z**2 + 21*z + 1. What is x(-21)?
1
Let m(w) = 2*w**2 - 18*w - 9. What is m(10)?
11
Let z(b) = 9*b**2 + 4*b - 5. Determine z(2).
39
Let r(d) = d**3 - 3*d**2 - 5*d + 2. What is r(3)?
-13
Let d(q) = -q**2 + q + 3. What is d(5)?
-17
Let g(n) = -3*n - 3. What is g(4)?
-15
Let j(v) = 2*v + 1. Determine j(1).
3
Let m(c) = c**2 + 21*c - 46. Determine m(-23).
0
Let y(l) = -2*l. What is y(-1)?
2
Let i(z) = -z**2 + 24*z + 38. Give i(20).
118
Let j(r) = r**2 + 10*r - 5. What is j(-6)?
-29
Let z(x) = 3*x**3 + 24*x**2 + 21*x - 4. Give z(-1).
-4
Let f(p) = -p**3 + 2*p**2 - p. What is f(1)?
0
Let y(t) = 23*t - 119. What is y(5)?
-4
Let k(p) = -p**3 + 12*p**2 - 10*p - 1. Give k(11).
10
Let q(z) = -17*z**3 - z**2 - 2*z - 1. What is q(-1)?
17
Let s(m) = 7*m - 59. Determine s(8).
-3
Let i(f) = -f**3 - f**2 - f - 27. Determine i(0).
-27
Let m(a) = 7*a**2 - 71*a + 12. What is m(10)?
2
Let i(t) = 11*t + 154. Give i(-14).
0
Let a(r) = 24*r - 164. What is a(7)?
4
Let r(f) = 34*f + 22. What is r(-1)?
-12
Let j(z) = 161*z**3 + 2*z**2 - 2*z + 1. Calculate j(1).
162
Let f(i) = -i**2 - 22*i - 5. Determine f(-22).
-5
Let z(i) = -2*i**2 - 65*i - 518. Give z(-14).
0
Let g(t) = -2*t + 36. Calculate g(-6).
48
Let r(u) = u**3 - 10*u**2 - 2*u + 16. Determine r(10).
-4
Let u(l) = -l**2 + 4*l + 47. Determine u(10).
-13
Let l(h) = h**2 + 21*h + 43. Determine l(-18).
-11
Let m(w) = -w**2 + w + 1. Give m(-3).
-11
Let m(f) = -f**2 + 2*f + 1. Calculate m(6).
-23
Let z(m) = 2*m + 53. Determine z(9).
71
Let f(g) = -2*g**2 + 23*g + 11. Determine f(12).
-1
Let m(q) = -q**3 + 5*q**2 + 15*q - 7. Give m(7).
0
Let r(o) = -o - 3. Determine r(5).
-8
Let j(i) = -i**3 + 18*i**2 - 18*i - 1. Give j(17).
-18
Let l(c) = -c**3 + 48*c**2 - 94*c + 111. Give l(46).
19
Let i(m) = -m**3 + 2*m**2 + 4*m + 10. What is i(-3)?
43
Let v(d) = d + 3. Give v(9).
12
Let j(l) = l**3 + 8*l**2 + l + 16. Calculate j(-7).
58
Let n(k) = k**2 + 16*k + 4. Give n(-13).
-35
Let l(v) = v**2 - 8*v - 11. Determine l(5).
-26
Let c(s) = s + 13. Give c(-8).
5
Let l(s) = s**2 + 10*s + 4. What is l(-8)?
-12
Let o(q) = q - 1. Calculate o(-3).
-4
Let v(r) = -6*r**2 + 397*r - 66. Determine v(66).
0
Let b(g) = -g**3 - 13*g**2 + 2*g + 28. Calculate b(-13).
2
Let q(i) = -i**3 + 5*i**2 + 7*i + 5. Give q(6).
11
Let d(k) = k**3 + 4*k**2 - 4*k + 7. What is d(-6)?
-41
Let k(q) = -q**3 - 14*q**2 - 39*q + 5. Determine k(-10).
-5
Let c(i) = i**3 + 7*i**2 - 4*i - 4. Calculate c(-7).
24
Let i(k) = -k**2 - 11*k - 9. What is i(-8)?
15
Let y(m) = 2*m**2 + 11*m + 5. Calculate y(-8).
45
Let t(f) = -6*f**3 + 3*f**2 - 2*f - 1. Determine t(-1).
10
Let y(i) = 19*i + 7. Give y(-2).
-31
Let c(d) = d**2 + 9*d - 31. Calculate c(0).
-31
Let c(l) = l**3 + 14*l**2 + 18*l + 14. What is c(-13)?
-51
Let s(h) = -32*h**2 + 17*h - 17. Determine s(1).
-32
Let f(x) = 5*x**2 - 5*x - 2. Determine f(-3).
58
Let s(m) = -3*m**2 + 17*m - 27. Calculate s(8).
-83
Let n(k) = -38*k + 229. Determine n(6).
1
Let r(f) = -f**2 + 23*f + 56. Calculate r(25).
6
Let c(m) = 3*m**3 - 2*m + 2. Calculate c(-2).
-18
Let k(s) = 2*s + 22. Determine k(-8).
6
Let l(z) = z**3 - 3*z + 7. Determine l(2).
9
Let i(m) = -m**2 + 21*m + 25. Give i(11).
135
Let n(c) = 2*c + 4. Give n(-4).
-4
Let g(i) = -i**3 + 4*i**2 - 8*i + 5. What is g(3)?
-10
Let r(b) = -b**3 + 12*b**2 - 12*b - 11. Determine r(11).
-22
Let k(u) = -u - 3. What is k(9)?
-12
Let w(r) = r**2 - 3*r - 2. Calculate w(6).
16
Let p(u) = -2*u + 19. Calculate p(15).
-11
Let a(k) = -24*k**3 + 2*k**2 + 2*k + 1. Give a(-1).
25
Let m(t) = -10*t - 11. What is m(-5)?
39
Let l(z) = z**2 - 2*z + 6. Give l(4).
14
Let k(q) = -q**3 - 41*q**2 - 2*q - 84. What is k(-41)?
-2
Let t(n) = -n**2 - 4*n + 177. Give t(0).
177
Let h(o) = -24*o + 471. Give h(20).
-9
Let y(f) = 2*f**2 + 11*f + 10. Determine y(-4).
-2
Let g(b) = -b**3 + 6*b**2. What is g(5)?
25
Let v(z) = -6*z + 10. What is v(8)?
-38
Let a(k) = -5*k + 27. Give a(5).
2
Let m(x) = 5*x + 5. Calculate m(9).
50
Let s(a) = -6*a**2 - 8*a + 2. Give s(4).
-126
Let j(b) = 3*b**2 + 30*b - 62. What is j(2)?
10
Let y(u) = -10*u - 99. Give y(-10).
1
Let x(t) = 16*t + 270. Calculate x(-16).
14
Let f(h) = h**3 + 2*h**2 - 7*h + 7. What is f(-6)?
-95
Let b(t) = t**3 + t**2 - t - 7. Give b(0).
-7
Let v(j) = 6*j**2 - 5*j + 4. What is v(3)?
43
Let k(z) = 21*z + 1. Determine k(0).
1
Let f(u) = 2*u**2 + 46*u + 49. Give f(-22).
5
Let n(f) = -10*f**2 + 6*f + 3. Give n(-1).
-13
Let n(r) = 11*r + 58. What is n(-6)?
-8
Let w(p) = 2*p**2 + 8*p + 2. What is w(-7)?
44
Let l(y) = y**2 + 3*y + 3. Determine l(0).
3
Let x(k) = k**3 + 10*k**2 + 7*k - 22. Calculate x(-9).
-4
Let y(j) = -49*j + 397. Determine y(8).
5
Let p(t) = -6*t - 23. Give p(-9).
31
Let b(q) = -q**3 + 3*q**2 + 12*q + 29. Calculate b(6).
-7
Let a(i) = -i**2 + 2*i + 10. Determine a(5).
-5
Let j(w) = -70*w - 2. Calculate j(1).
-72
Let p(i) = i + 12. Give p(-16).
-4
Let l(m) = m**3 + m**2 - 3*m. Calculate l(3).
27
Let s(d) = -d**3 + 30*d**2 - d + 29. What is s(30)?
-1
Let w(h) = 2*h + 37. What is w(0)?
37
Let x(w) = -17*w + 30. Give x(7).
-89
Let c(y) = 2*y